{"id":314,"date":"2023-09-19T18:01:35","date_gmt":"2023-09-19T21:01:35","guid":{"rendered":"https:\/\/jornaloarauto.com.br\/?page_id=314"},"modified":"2023-12-23T09:07:07","modified_gmt":"2023-12-23T12:07:07","slug":"noticias-populares-2023","status":"publish","type":"page","link":"https:\/\/jornaloarauto.com.br\/index.php\/noticias-populares-2023\/","title":{"rendered":"Not\u00edcias Populares 2023"},"content":{"rendered":"\n<div class=\"wp-block-columns is-layout-flex wp-container-core-columns-is-layout-9d6595d7 wp-block-columns-is-layout-flex\">\n<div class=\"wp-block-column is-layout-flow wp-block-column-is-layout-flow\">\n<p class=\"has-text-align-center\">Edi\u00e7\u00e3o 32 &#8211; Janeiro<\/p>\n\n\n\n<figure class=\"wp-block-image size-full is-resized\"><img decoding=\"async\" width=\"400\" height=\"453\" src=\"https:\/\/jornaloarauto.com.br\/wp-content\/uploads\/2023\/09\/not032.png\" alt=\"\" class=\"wp-image-262\" style=\"width:274px;height:310px\" title=\"\" srcset=\"https:\/\/jornaloarauto.com.br\/wp-content\/uploads\/2023\/09\/not032.png 400w, https:\/\/jornaloarauto.com.br\/wp-content\/uploads\/2023\/09\/not032-265x300.png 265w, https:\/\/jornaloarauto.com.br\/wp-content\/uploads\/2023\/09\/not032-53x60.png 53w\" sizes=\"(max-width: 400px) 100vw, 400px\" \/><\/figure>\n\n\n\n<p class=\"has-text-align-center\"><a href=\"https:\/\/jornaloarauto.com.br\/wp-content\/uploads\/2023\/09\/not032.pdf\" data-type=\"attachment\" data-id=\"78\">Baixe o pdf aqui<\/a><\/p>\n<\/div>\n\n\n\n<div class=\"wp-block-column is-layout-flow wp-block-column-is-layout-flow\">\n<p class=\"has-text-align-center\">Edi\u00e7\u00e3o 33 &#8211; Fevereiro<\/p>\n\n\n\n<figure class=\"wp-block-image size-full is-resized\"><img decoding=\"async\" width=\"400\" height=\"457\" src=\"https:\/\/jornaloarauto.com.br\/wp-content\/uploads\/2023\/09\/not033.png\" alt=\"\" class=\"wp-image-263\" style=\"width:274px;height:313px\" title=\"\" srcset=\"https:\/\/jornaloarauto.com.br\/wp-content\/uploads\/2023\/09\/not033.png 400w, https:\/\/jornaloarauto.com.br\/wp-content\/uploads\/2023\/09\/not033-263x300.png 263w, https:\/\/jornaloarauto.com.br\/wp-content\/uploads\/2023\/09\/not033-53x60.png 53w\" sizes=\"(max-width: 400px) 100vw, 400px\" \/><\/figure>\n\n\n\n<p class=\"has-text-align-center\"><a href=\"https:\/\/jornaloarauto.com.br\/wp-content\/uploads\/2023\/09\/not033.pdf\" data-type=\"attachment\" data-id=\"79\">Baixe o pdf aqui<\/a><\/p>\n<\/div>\n\n\n\n<div class=\"wp-block-column is-layout-flow wp-block-column-is-layout-flow\">\n<p class=\"has-text-align-center\">Edi\u00e7\u00e3o 34 &#8211; Mar\u00e7o<\/p>\n\n\n\n<figure class=\"wp-block-image size-full is-resized\"><img decoding=\"async\" width=\"400\" height=\"451\" src=\"https:\/\/jornaloarauto.com.br\/wp-content\/uploads\/2023\/09\/not034.png\" alt=\"\" class=\"wp-image-264\" style=\"width:274px;height:309px\" title=\"\" srcset=\"https:\/\/jornaloarauto.com.br\/wp-content\/uploads\/2023\/09\/not034.png 400w, https:\/\/jornaloarauto.com.br\/wp-content\/uploads\/2023\/09\/not034-266x300.png 266w, https:\/\/jornaloarauto.com.br\/wp-content\/uploads\/2023\/09\/not034-53x60.png 53w\" sizes=\"(max-width: 400px) 100vw, 400px\" \/><\/figure>\n\n\n\n<p class=\"has-text-align-center\"><a href=\"https:\/\/jornaloarauto.com.br\/wp-content\/uploads\/2023\/09\/not034.pdf\" data-type=\"attachment\" data-id=\"80\">Baixe o pdf aqui<\/a><\/p>\n<\/div>\n<\/div>\n\n\n\n<div class=\"wp-block-columns is-layout-flex wp-container-core-columns-is-layout-9d6595d7 wp-block-columns-is-layout-flex\">\n<div class=\"wp-block-column is-layout-flow wp-block-column-is-layout-flow\">\n<p class=\"has-text-align-center\">Edi\u00e7\u00e3o 35 &#8211; Abril<\/p>\n\n\n\n<figure class=\"wp-block-image size-full is-resized\"><img decoding=\"async\" width=\"400\" height=\"457\" src=\"https:\/\/jornaloarauto.com.br\/wp-content\/uploads\/2023\/09\/not035.png\" alt=\"\" class=\"wp-image-265\" style=\"width:274px;height:313px\" title=\"\" srcset=\"https:\/\/jornaloarauto.com.br\/wp-content\/uploads\/2023\/09\/not035.png 400w, https:\/\/jornaloarauto.com.br\/wp-content\/uploads\/2023\/09\/not035-263x300.png 263w, https:\/\/jornaloarauto.com.br\/wp-content\/uploads\/2023\/09\/not035-53x60.png 53w\" sizes=\"(max-width: 400px) 100vw, 400px\" \/><\/figure>\n\n\n\n<p class=\"has-text-align-center\"><a href=\"https:\/\/jornaloarauto.com.br\/wp-content\/uploads\/2023\/09\/not035.pdf\" data-type=\"attachment\" data-id=\"81\">Baixe o pdf aqui<\/a><\/p>\n<\/div>\n\n\n\n<div class=\"wp-block-column is-layout-flow wp-block-column-is-layout-flow\">\n<p class=\"has-text-align-center\">Edi\u00e7\u00e3o 36 &#8211; Maio<\/p>\n\n\n\n<figure class=\"wp-block-image size-full is-resized\"><img decoding=\"async\" width=\"400\" height=\"457\" src=\"https:\/\/jornaloarauto.com.br\/wp-content\/uploads\/2023\/09\/not036.png\" alt=\"\" class=\"wp-image-266\" style=\"width:274px;height:313px\" title=\"\" srcset=\"https:\/\/jornaloarauto.com.br\/wp-content\/uploads\/2023\/09\/not036.png 400w, https:\/\/jornaloarauto.com.br\/wp-content\/uploads\/2023\/09\/not036-263x300.png 263w, https:\/\/jornaloarauto.com.br\/wp-content\/uploads\/2023\/09\/not036-53x60.png 53w\" sizes=\"(max-width: 400px) 100vw, 400px\" \/><\/figure>\n\n\n\n<p class=\"has-text-align-center\"><a href=\"https:\/\/jornaloarauto.com.br\/wp-content\/uploads\/2023\/09\/not036.pdf\" data-type=\"attachment\" data-id=\"82\">Baixe o pdf aqui<\/a><\/p>\n<\/div>\n\n\n\n<div class=\"wp-block-column is-layout-flow wp-block-column-is-layout-flow\">\n<p class=\"has-text-align-center\">Edi\u00e7\u00e3o 37 &#8211; Junho<\/p>\n\n\n\n<figure class=\"wp-block-image size-full is-resized\"><img decoding=\"async\" width=\"400\" height=\"457\" src=\"https:\/\/jornaloarauto.com.br\/wp-content\/uploads\/2023\/09\/not037.png\" alt=\"\" class=\"wp-image-267\" style=\"width:274px;height:313px\" title=\"\" srcset=\"https:\/\/jornaloarauto.com.br\/wp-content\/uploads\/2023\/09\/not037.png 400w, https:\/\/jornaloarauto.com.br\/wp-content\/uploads\/2023\/09\/not037-263x300.png 263w, https:\/\/jornaloarauto.com.br\/wp-content\/uploads\/2023\/09\/not037-53x60.png 53w\" sizes=\"(max-width: 400px) 100vw, 400px\" \/><\/figure>\n\n\n\n<p class=\"has-text-align-center\"><a href=\"https:\/\/jornaloarauto.com.br\/wp-content\/uploads\/2023\/09\/not037.pdf\" data-type=\"attachment\" data-id=\"83\">Baixe o pdf aqui<\/a><\/p>\n<\/div>\n<\/div>\n\n\n\n<div class=\"wp-block-columns is-layout-flex wp-container-core-columns-is-layout-9d6595d7 wp-block-columns-is-layout-flex\">\n<div class=\"wp-block-column is-layout-flow wp-block-column-is-layout-flow\">\n<p class=\"has-text-align-center\">Edi\u00e7\u00e3o 38 &#8211; Julho<\/p>\n\n\n\n<figure class=\"wp-block-image size-full is-resized\"><img decoding=\"async\" width=\"400\" height=\"457\" src=\"https:\/\/jornaloarauto.com.br\/wp-content\/uploads\/2023\/09\/not038.png\" alt=\"\" class=\"wp-image-268\" style=\"width:274px;height:313px\" title=\"\" srcset=\"https:\/\/jornaloarauto.com.br\/wp-content\/uploads\/2023\/09\/not038.png 400w, https:\/\/jornaloarauto.com.br\/wp-content\/uploads\/2023\/09\/not038-263x300.png 263w, https:\/\/jornaloarauto.com.br\/wp-content\/uploads\/2023\/09\/not038-53x60.png 53w\" sizes=\"(max-width: 400px) 100vw, 400px\" \/><\/figure>\n\n\n\n<p class=\"has-text-align-center\"><a href=\"https:\/\/jornaloarauto.com.br\/wp-content\/uploads\/2023\/09\/not038.pdf\" data-type=\"attachment\" data-id=\"84\">Baixe o pdf aqui<\/a><\/p>\n<\/div>\n\n\n\n<div class=\"wp-block-column is-layout-flow wp-block-column-is-layout-flow\">\n<p class=\"has-text-align-center\">Edi\u00e7\u00e3o 39 &#8211; Agosto<\/p>\n\n\n\n<figure class=\"wp-block-image size-full is-resized\"><img decoding=\"async\" width=\"400\" height=\"457\" src=\"https:\/\/jornaloarauto.com.br\/wp-content\/uploads\/2023\/09\/not039.png\" alt=\"\" class=\"wp-image-269\" style=\"width:274px;height:313px\" title=\"\" srcset=\"https:\/\/jornaloarauto.com.br\/wp-content\/uploads\/2023\/09\/not039.png 400w, https:\/\/jornaloarauto.com.br\/wp-content\/uploads\/2023\/09\/not039-263x300.png 263w, https:\/\/jornaloarauto.com.br\/wp-content\/uploads\/2023\/09\/not039-53x60.png 53w\" sizes=\"(max-width: 400px) 100vw, 400px\" \/><\/figure>\n\n\n\n<p class=\"has-text-align-center\"><a href=\"https:\/\/jornaloarauto.com.br\/wp-content\/uploads\/2023\/09\/not039.pdf\" data-type=\"attachment\" data-id=\"85\">Baixe o pdf aqui<\/a><\/p>\n<\/div>\n\n\n\n<div class=\"wp-block-column is-layout-flow wp-block-column-is-layout-flow\">\n<p class=\"has-text-align-center\">Edi\u00e7\u00e3o 40 &#8211; Setembro<\/p>\n\n\n\n<figure class=\"wp-block-image size-full is-resized\"><img decoding=\"async\" width=\"400\" height=\"457\" src=\"https:\/\/jornaloarauto.com.br\/wp-content\/uploads\/2023\/09\/not040.png\" alt=\"\" class=\"wp-image-408\" style=\"width:274px;height:313px\" title=\"\" srcset=\"https:\/\/jornaloarauto.com.br\/wp-content\/uploads\/2023\/09\/not040.png 400w, https:\/\/jornaloarauto.com.br\/wp-content\/uploads\/2023\/09\/not040-263x300.png 263w\" sizes=\"(max-width: 400px) 100vw, 400px\" \/><\/figure>\n\n\n\n<p class=\"has-text-align-center\"><a href=\"https:\/\/jornaloarauto.com.br\/wp-content\/uploads\/2023\/09\/not040.pdf\" data-type=\"attachment\" data-id=\"410\">Baixe o pdf aqui<\/a><\/p>\n<\/div>\n<\/div>\n\n\n\n<div class=\"wp-block-columns is-layout-flex wp-container-core-columns-is-layout-9d6595d7 wp-block-columns-is-layout-flex\">\n<div class=\"wp-block-column is-layout-flow wp-block-column-is-layout-flow\">\n<p class=\"has-text-align-center\">Edi\u00e7\u00e3o 41 &#8211; Outubro<\/p>\n\n\n\n<figure class=\"wp-block-image size-full is-resized\"><img decoding=\"async\" width=\"400\" height=\"457\" src=\"https:\/\/jornaloarauto.com.br\/wp-content\/uploads\/2023\/11\/not041-1.png\" alt=\"\" class=\"wp-image-428\" style=\"aspect-ratio:0.87527352297593;width:274px;height:auto\" title=\"\" srcset=\"https:\/\/jornaloarauto.com.br\/wp-content\/uploads\/2023\/11\/not041-1.png 400w, https:\/\/jornaloarauto.com.br\/wp-content\/uploads\/2023\/11\/not041-1-263x300.png 263w\" sizes=\"(max-width: 400px) 100vw, 400px\" \/><\/figure>\n\n\n\n<p class=\"has-text-align-center\"><a href=\"https:\/\/jornaloarauto.com.br\/wp-content\/uploads\/2023\/11\/not041.pdf\">Baixe o pdf aqui<\/a><\/p>\n<\/div>\n\n\n\n<div class=\"wp-block-column is-layout-flow wp-block-column-is-layout-flow\">\n<p class=\"has-text-align-center\">Edi\u00e7\u00e3o 42 &#8211; Novembro<\/p>\n\n\n\n<figure class=\"wp-block-image size-full is-resized\"><img decoding=\"async\" width=\"400\" height=\"451\" src=\"https:\/\/jornaloarauto.com.br\/wp-content\/uploads\/2023\/12\/not042.png\" alt=\"\" class=\"wp-image-449\" style=\"aspect-ratio:0.8869179600886918;width:274px;height:auto\" title=\"\" srcset=\"https:\/\/jornaloarauto.com.br\/wp-content\/uploads\/2023\/12\/not042.png 400w, https:\/\/jornaloarauto.com.br\/wp-content\/uploads\/2023\/12\/not042-266x300.png 266w\" sizes=\"(max-width: 400px) 100vw, 400px\" \/><\/figure>\n\n\n\n<p class=\"has-text-align-center\"><a href=\"https:\/\/jornaloarauto.com.br\/wp-content\/uploads\/2023\/12\/not042.pdf\" data-type=\"attachment\" data-id=\"447\">Baixe o pdf aqui<\/a><\/p>\n<\/div>\n\n\n\n<div class=\"wp-block-column is-layout-flow wp-block-column-is-layout-flow\">\n<p class=\"has-text-align-center\">Edi\u00e7\u00e3o 43 &#8211; Dezembro<\/p>\n\n\n\n<figure class=\"wp-block-image size-full is-resized\"><img decoding=\"async\" width=\"400\" height=\"451\" src=\"https:\/\/jornaloarauto.com.br\/wp-content\/uploads\/2023\/12\/not043.png\" alt=\"\" class=\"wp-image-458\" style=\"aspect-ratio:0.8869179600886918;width:274px;height:auto\" title=\"\" srcset=\"https:\/\/jornaloarauto.com.br\/wp-content\/uploads\/2023\/12\/not043.png 400w, https:\/\/jornaloarauto.com.br\/wp-content\/uploads\/2023\/12\/not043-266x300.png 266w\" sizes=\"(max-width: 400px) 100vw, 400px\" \/><\/figure>\n\n\n\n<p class=\"has-text-align-center\"><a href=\"https:\/\/jornaloarauto.com.br\/wp-content\/uploads\/2023\/12\/not043.pdf\" data-type=\"attachment\" data-id=\"456\">Baixe o pdf aqui<\/a><\/p>\n<\/div>\n<\/div>\n","protected":false},"excerpt":{"rendered":"<p>Edi\u00e7\u00e3o 32 &#8211; Janeiro Baixe o pdf aqui Edi\u00e7\u00e3o 33 &#8211; Fevereiro Baixe o pdf aqui Edi\u00e7\u00e3o 34 &#8211; Mar\u00e7o Baixe o pdf aqui Edi\u00e7\u00e3o 35 &#8211; Abril Baixe o pdf aqui Edi\u00e7\u00e3o 36 &#8211; Maio Baixe o pdf aqui Edi\u00e7\u00e3o 37 &#8211; Junho Baixe o pdf aqui Edi\u00e7\u00e3o 38 &#8211; Julho Baixe o pdf&#8230;<\/p>\n","protected":false},"author":1,"featured_media":0,"parent":0,"menu_order":0,"comment_status":"closed","ping_status":"closed","template":"","meta":{"footnotes":""},"class_list":["post-314","page","type-page","status-publish","hentry"],"_links":{"self":[{"href":"https:\/\/jornaloarauto.com.br\/index.php\/wp-json\/wp\/v2\/pages\/314","targetHints":{"allow":["GET"]}}],"collection":[{"href":"https:\/\/jornaloarauto.com.br\/index.php\/wp-json\/wp\/v2\/pages"}],"about":[{"href":"https:\/\/jornaloarauto.com.br\/index.php\/wp-json\/wp\/v2\/types\/page"}],"author":[{"embeddable":true,"href":"https:\/\/jornaloarauto.com.br\/index.php\/wp-json\/wp\/v2\/users\/1"}],"replies":[{"embeddable":true,"href":"https:\/\/jornaloarauto.com.br\/index.php\/wp-json\/wp\/v2\/comments?post=314"}],"version-history":[{"count":0,"href":"https:\/\/jornaloarauto.com.br\/index.php\/wp-json\/wp\/v2\/pages\/314\/revisions"}],"wp:attachment":[{"href":"https:\/\/jornaloarauto.com.br\/index.php\/wp-json\/wp\/v2\/media?parent=314"}],"curies":[{"name":"wp","href":"https:\/\/api.w.org\/{rel}","templated":true}]}}