{"id":4006,"date":"2026-04-06T13:45:31","date_gmt":"2026-04-06T16:45:31","guid":{"rendered":"https:\/\/jornaloarauto.com.br\/?page_id=4006"},"modified":"2026-04-06T13:45:32","modified_gmt":"2026-04-06T16:45:32","slug":"noticias","status":"publish","type":"page","link":"https:\/\/jornaloarauto.com.br\/index.php\/noticias\/","title":{"rendered":"Not\u00edcias"},"content":{"rendered":"\n<p><a href=\"https:\/\/jornaloarauto.com.br\/index.php\/category\/acidentes\/\" data-type=\"category\" data-id=\"11\">Acidentes<\/a><br><a href=\"https:\/\/jornaloarauto.com.br\/index.php\/category\/cotidiano\/\" data-type=\"category\" data-id=\"16\">Cotidiano<\/a><br><a href=\"https:\/\/jornaloarauto.com.br\/index.php\/category\/cultura\/\" data-type=\"category\" data-id=\"13\">Cultura<\/a><br><a href=\"https:\/\/jornaloarauto.com.br\/index.php\/category\/educacao\/\" data-type=\"category\" data-id=\"14\">Educa\u00e7\u00e3o<\/a><br><a href=\"https:\/\/jornaloarauto.com.br\/index.php\/category\/empreendimentos\/\" data-type=\"category\" data-id=\"10\">Empreendimentos<\/a><br><a href=\"https:\/\/jornaloarauto.com.br\/index.php\/category\/empregos\/\" data-type=\"category\" data-id=\"12\">Emprego<\/a><br><a href=\"https:\/\/jornaloarauto.com.br\/index.php\/category\/esportes\/\" data-type=\"category\" data-id=\"1\">Esportes<\/a><br><a href=\"https:\/\/jornaloarauto.com.br\/index.php\/category\/evento\/\" data-type=\"category\" data-id=\"17\">Evento<\/a><br><a href=\"https:\/\/jornaloarauto.com.br\/index.php\/category\/judiciario\/\" data-type=\"category\" data-id=\"20\">Judici\u00e1rio<\/a><br><a href=\"https:\/\/jornaloarauto.com.br\/index.php\/category\/policial\/\" data-type=\"category\" data-id=\"15\">Policial<\/a><br><a href=\"https:\/\/jornaloarauto.com.br\/index.php\/category\/politica\/\" data-type=\"category\" data-id=\"6\">Pol\u00edtica<\/a><br><a href=\"https:\/\/jornaloarauto.com.br\/index.php\/category\/publico\/\" data-type=\"category\" data-id=\"19\">P\u00fablico<\/a><br><a href=\"https:\/\/jornaloarauto.com.br\/index.php\/category\/saude\/\" data-type=\"category\" data-id=\"18\">Sa\u00fade<\/a><br><a href=\"https:\/\/jornaloarauto.com.br\/index.php\/category\/social\/\" data-type=\"category\" data-id=\"2\">Social<\/a><br><a href=\"https:\/\/jornaloarauto.com.br\/index.php\/category\/solidariedade\/\" data-type=\"category\" data-id=\"3\">Solidariedade<\/a><\/p>\n","protected":false},"excerpt":{"rendered":"<p>AcidentesCotidianoCulturaEduca\u00e7\u00e3oEmpreendimentosEmpregoEsportesEventoJudici\u00e1rioPolicialPol\u00edticaP\u00fablicoSa\u00fadeSocialSolidariedade<\/p>\n","protected":false},"author":1,"featured_media":0,"parent":0,"menu_order":0,"comment_status":"closed","ping_status":"closed","template":"","meta":{"footnotes":""},"class_list":["post-4006","page","type-page","status-publish","hentry"],"_links":{"self":[{"href":"https:\/\/jornaloarauto.com.br\/index.php\/wp-json\/wp\/v2\/pages\/4006","targetHints":{"allow":["GET"]}}],"collection":[{"href":"https:\/\/jornaloarauto.com.br\/index.php\/wp-json\/wp\/v2\/pages"}],"about":[{"href":"https:\/\/jornaloarauto.com.br\/index.php\/wp-json\/wp\/v2\/types\/page"}],"author":[{"embeddable":true,"href":"https:\/\/jornaloarauto.com.br\/index.php\/wp-json\/wp\/v2\/users\/1"}],"replies":[{"embeddable":true,"href":"https:\/\/jornaloarauto.com.br\/index.php\/wp-json\/wp\/v2\/comments?post=4006"}],"version-history":[{"count":1,"href":"https:\/\/jornaloarauto.com.br\/index.php\/wp-json\/wp\/v2\/pages\/4006\/revisions"}],"predecessor-version":[{"id":4007,"href":"https:\/\/jornaloarauto.com.br\/index.php\/wp-json\/wp\/v2\/pages\/4006\/revisions\/4007"}],"wp:attachment":[{"href":"https:\/\/jornaloarauto.com.br\/index.php\/wp-json\/wp\/v2\/media?parent=4006"}],"curies":[{"name":"wp","href":"https:\/\/api.w.org\/{rel}","templated":true}]}}